 = -a*y - 4. Suppose y*j + 2*z = 178, j + 2*z = -3*z + 22. Is j prime?
True
Let p(b) = b**2 - 2. Let q be p(2). Is 372/4 - q/1 composite?
True
Suppose 4*y + y - 3*l = 332, 4*l = -2*y + 112. Suppose n - y = -6. Is n a prime number?
False
Is 1/(-2) + ((-3380)/8)/(-1) composite?
True
Let s be -7 - -8 - (1 - 3). Let a be 10/s + 2/3. Suppose 0*l + l - 2*y = 25, -a*y + 16 = 0. Is l composite?
True
Let z be (1526*-1)/(-2) + -1. Suppose -x + z = x. Is x composite?
True
Let k = -1679 - -3144. Is k prime?
False
Suppose -2*y - 4*q - 5 = -27, 0 = 3*q - 9. Suppose -6*g - 1 = -y*g. Is 4480/30 + g/3 a prime number?
True
Suppose 3*q - 11705 = -3002. Is q a prime number?
False
Let i(n) = -n**3 - 11*n**2 - 12*n + 15. Let d be i(-11). Suppose 0 = 3*p - 4*l - d, 4*l + 132 = -5*p + 409. Is p prime?
True
Let y = -55 - -544. Is y prime?
False
Suppose o + 774 - 233 = 3*v, 3*o = v - 191. Is v composite?
False
Let t = -2 + -3. Is (t - -3)*21/(-2) prime?
False
Suppose 4*f = 3*h + 14, 3*h - f + 19 = 4*f. Suppose 1 = -h*c + 79. Is c prime?
False
Suppose -3*h + 233 - 26 = 0. Suppose 530 = -2*x + 7*x. Let a = x - h. Is a prime?
True
Let f(w) = 4*w**3 - 6*w**2 - 5*w + 4. Is f(5) prime?
False
Suppose 2*x - x = 0. Suppose z - 2 - 8 = n, -4*n - 2*z - 10 = x. Let v(a) = a**2 - 2*a. Is v(n) a composite number?
True
Let v be (-9)/(-3)*9 - 1. Let u = v - 14. Suppose 3*o - u = -o. Is o a composite number?
False
Let d(k) be the second derivative of 5*k**4/12 - k**3/2 + 3*k**2 + 2*k. Let u be d(4). Suppose c - 87 - u = 0. Is c composite?
True
Suppose 12*h - 3544 = -496. Is h prime?
False
Suppose 0 = -5*w - u + 2267, -4*u + 5*u - 908 = -2*w. Suppose -w = 3*c - 1524. Suppose -6*z + 3*z = -c. Is z a prime number?
False
Let k = 1 + 3. Suppose 2*c + 10 = -3*c, k = -3*i - 5*c. Suppose i - 38 = -4*w. Is w prime?
False
Suppose -4*o = 4*f - 0 - 24, -5*o = 2*f - 24. Suppose 2*y = y - o, -5*y = -b + 2. Let w = 1 - b. Is w a composite number?
False
Let t(l) = 5*l**2 - 34*l - 2. Is t(10) composite?
True
Let z(l) be the third derivative of -5*l**4/8 + l**3/2 + l**2. Let m be z(-5). Suppose 3*c + 0*n = 3*n + m, 3*c - 5*n - 78 = 0. Is c prime?
False
Suppose 3*b - 4*c - 20 = -2*b, 4*c = -2*b - 20. Let o = b - -4. Is (o/(-6))/(4/(-42)) prime?
True
Is -6*(-1)/3 + 129 prime?
True
Let c = 35 - -45. Let z = 3 + c. Is z a composite number?
False
Suppose 11*g = 13421 + 4982. Is g a composite number?
True
Let r(o) = 2*o**2 - 10*o - 1. Is r(-10) prime?
False
Suppose 5*n - 2*n = 0. Suppose 3*w - 371 = -f + 548, n = -5*w + 2*f + 1539. Is w a composite number?
False
Suppose -216 = -q - 5*z, q - 166 = -3*z + 40. Is q a prime number?
True
Suppose -s = -3*s + 256. Let o = s - 33. Is o prime?
False
Let m be (4/6)/((-9)/(-54)). Suppose -2*p = -m*p + 316. Is p composite?
True
Suppose 0*h - 5*h + 225 = 0. Suppose 2*z - 3*g - 77 = 0, 7*z - 5*z - 4*g - 80 = 0. Suppose -n + z = -h. Is n a prime number?
True
Let c(u) = 2*u**2 + 9*u - 15. Let y be c(12). Suppose v - y = -2*v. Is v a prime number?
True
Suppose -8322 - 3945 = -9*g. Is g a composite number?
True
Let r be -4*((-141)/6 + 2). Let u = -1 + r. Is u composite?
True
Let s be (18/12)/((-1)/(-2)). Suppose -4*h + h + 131 = -4*g, s*h = -3*g + 96. Is h a composite number?
False
Is (-2 - 2)/((-10)/55) a prime number?
False
Let f(c) = 170*c + 31. Is f(21) composite?
True
Let w = 59 + -41. Let k = 37 + w. Is k a prime number?
False
Let g = 123 + 974. Is g prime?
True
Let x = 19 - 14. Suppose -b = i - 34, i = -x*b - 3*i + 173. Is b a composite number?
False
Let j(k) = 4*k**3 - 2*k**2 + 7*k - 1. Is j(4) prime?
True
Let z(a) = -235*a - 22. Is z(-3) a composite number?
False
Suppose u - 72752 = -15*u. Is u prime?
True
Let d(c) be the second derivative of 107*c**4/6 - c**3/3 - c**2/2 - 2*c. Is d(-1) a prime number?
False
Suppose n = -5*w + 305, -4*w - 158 = 3*n - 1051. Is n composite?
True
Suppose a + 6 = 3*a + 2*n, -a + 2*n = -18. Let h be (-466)/a - 1/(-4). Let r = -37 - h. Is r composite?
True
Let l(u) = 9*u**2 + 8*u + 6. Is l(-5) prime?
True
Let u = 85 - 51. Is u composite?
True
Suppose 5*g - s = 2918, -4*g = 5*s - 0*s - 2317. Is g a prime number?
False
Suppose -4*q = -2*i - 2*i + 440, 0 = 5*i + 5*q - 600. Suppose j = -0*j + 5, -2*n = j - i. Is n composite?
True
Let f = -1069 - -1560. Is f prime?
True
Let y(p) = -2*p - 6. Suppose -3*i + 2*c - 20 = 0, i = -4*i - 4*c - 4. Let u be y(i). Suppose 0 = b - 0 - u. Is b a prime number?
True
Let t = -6 - -10. Suppose -13 = j - t*j - 4*r, -4*j = -3*r - 9. Let a = 1 + j. Is a a composite number?
True
Let v(k) = -k**3 + 5*k**2 + 2*k + 4. Let t be v(5). Is 1270/t - (-8)/28 prime?
False
Suppose 6*l - 3*l + 3 = 0. Let m = l - -6. Suppose -m*y = -97 - 958. Is y a composite number?
False
Let a be (10/(-6))/(3/18). Is (-974)/(-10) - (-4)/a a composite number?
False
Suppose -r = -3*c - 57, -c - 151 = -3*r + 3*c. Suppose 5*l = -5*g + 110, 0 = 4*l - 6*l + 4. Let k = g + r. Is k composite?
True
Suppose -3*t = -6694 + 2515. Is t a composite number?
True
Suppose 16*r = -5*s + 12*r + 12939, 7781 = 3*s - 2*r. Is s a composite number?
False
Let j(m) = 0 - 3 - 2 - 2 + 10*m. Is j(9) prime?
True
Let y(s) = -s**2 - 22*s. Is y(-17) prime?
False
Let k(f) = -f - 8. Let w be k(-5). Let s = 7 + w. Suppose l + 73 = s*a, -2*a + 2*l = -7*a + 101. Is a a prime number?
True
Let x = 97 - -151. Suppose -2*p + x - 78 = 0. Is p prime?
False
Suppose 0 = -2*m + z + 2727, 4*m - 1412 = 3*z + 4047. Is m prime?
True
Suppose -2*v + 63 = -227. Is v prime?
False
Suppose 5*o + 4*f = 343, -3*f - 79 + 353 = 4*o. Is o composite?
False
Suppose 5*q - 55 = -3*x + 336, 689 = 5*x - q. Let y = -79 + x. Is y prime?
False
Let f = -40 - -34. Let n(j) = -j. Let c be n(-5). Is 437/c - f/(-15) a prime number?
False
Suppose -2 - 4 = -2*q - 2*d, -3*q - 2*d + 10 = 0. Suppose -3*i - j + 9 = -4*j, -q*i = 5*j - 39. Is i*5/3*1 a composite number?
True
Suppose 8 = z - f, 4*z + 4*f + 2 = 2*z. Suppose 0*c - z*c = -30. Is c a composite number?
True
Suppose 7*z - 3*z = 96. Suppose -1 = y - z. Is y a composite number?
False
Let u = 267 + -56. Is u a composite number?
False
Let x(k) = 7*k**3 + 6*k**2 + 4*k + 4. Is x(5) composite?
False
Let k(d) be the first derivative of d**3/3 - 3*d**2 - 2. Let l be k(12). Suppose 2*z - 34 = l. Is z a prime number?
True
Suppose 5*a - 1732 = -2*z - 0*z, 4*z + 5*a - 3484 = 0. Suppose -246 = 5*y - z. Suppose -33 = -3*c + y. Is c a composite number?
False
Suppose 2*m = -5*l - 62, 5*l + 5*m + 18 = -32. Suppose 0 = 3*d - 6*d + 3, 2*d = -g + 995. Is g/21 - (-4)/l a prime number?
True
Let x = 337 + 382. Is x composite?
False
Let f be (-2 - -2 - -33) + 2. Is -3*(-2)/6*f prime?
False
Suppose 0 = 2*x + o - 32, o - 4*o = -5*x + 58. Is x composite?
True
Suppose 5*w - 21 = -f, -4*f + 9 + 3 = 2*w. Suppose c = 3*c + w. Is 21 - ((0 - -4) + c) composite?
False
Let c(i) = -43*i + 1. Is c(-2) prime?
False
Let p be (-2)/(-2 - (-10)/4). Let x be (p/(-6))/(4/(-6)). Is x + 30 + (-12)/(-6) prime?
True
Let y(o) = 2*o**2 + 3*o + 2. Is y(-5) a composite number?
False
Let g = 419 + -292. Is g a prime number?
True
Let y be (-1)/((-2)/38*1). Let i(g) = 16*g + 2. Let f be i(3). Let v = f - y. Is v a composite number?
False
Let h = -35 - -50. Is h prime?
False
Let v be -9 + 8 + 2*1. Suppose -i + 2*n = 0, -7 = -4*n + v. Suppose 1060 = i*t + m + m, m + 1072 = 4*t. Is t a composite number?
True
Suppose -7 = -5*r + 18. Suppose f - g = 567 - 150, -5*f + 2105 = r*g. Is f a composite number?
False
Let p(d) = 46*d**2 + d + 24*d**2 - 2*d. Is p(1) a composite number?
True
Is (3/6)/(1/958) prime?
True
Let i = -65 - -41. Let m = i + 45. Is m a prime number?
False
Let s be (-1 + -154)*(2 + -1). Let c = -100 - s. Is c composite?
True
Suppose 4*h - 1209 = 4*q + 3375, -5*h - q + 5748 = 0. Is h a composite number?
True
Suppose -4*n + 67 = -13. Suppose -n = 4*b - 0*b. Is (2 + b)/((-2)/6) composite?
True
Suppose 6*t - 7*t - 124 = 0. Let b = -39 - t. Is b a composite number?
True
Suppose i + c = 5*i - 2583, i + 4*c - 667 = 0. Is i prime?
True
Is 4 + -1 - (-3 + 3) a prime number?
True
Suppose -1 = -f + 3. Suppose f*p - 115 - 25 = 0. Is p a composite number?
True
Let h = 1338 + -771. Let y = h - 332. Is y a composite number?
True
Let i = 49 - -75. Is (i/(-6))/(4/(-6)) a composite number?
False
Let z = 508 + -251. Is z compo